 thousands digit of 35794123?
7
What is the thousands digit of 160548718?
8
What is the units digit of 129008884?
4
What is the hundred millions digit of 565317627?
5
What is the units digit of 27851158?
8
What is the units digit of 597107812?
2
What is the hundred millions digit of 544825937?
5
What is the billions digit of 8133639068?
8
What is the hundred thousands digit of 7226354?
2
What is the hundred thousands digit of 819126305?
1
What is the units digit of 232952420?
0
What is the thousands digit of 51356220?
6
What is the hundred thousands digit of 42250207?
2
What is the millions digit of 4898798?
4
What is the hundreds digit of 112307864?
8
What is the ten thousands digit of 401639302?
3
What is the millions digit of 335410804?
5
What is the units digit of 5078065616?
6
What is the units digit of 104399671?
1
What is the thousands digit of 3156787554?
7
What is the ten millions digit of 18663431?
1
What is the hundreds digit of 462663699?
6
What is the thousands digit of 344338661?
8
What is the thousands digit of 111927392?
7
What is the millions digit of 25957242?
5
What is the ten thousands digit of 38925763?
2
What is the tens digit of 50515895?
9
What is the hundreds digit of 4977363363?
3
What is the hundreds digit of 1393814391?
3
What is the hundred thousands digit of 1102990667?
9
What is the hundred millions digit of 1179092685?
1
What is the ten millions digit of 499421912?
9
What is the ten thousands digit of 2009111534?
1
What is the ten millions digit of 398164486?
9
What is the thousands digit of 65723723?
3
What is the units digit of 8127135795?
5
What is the ten millions digit of 127771284?
2
What is the thousands digit of 3307611344?
1
What is the hundred millions digit of 4440630536?
4
What is the hundred thousands digit of 4866647895?
6
What is the ten millions digit of 112293006?
1
What is the hundred thousands digit of 81355267?
3
What is the hundred millions digit of 1516079573?
5
What is the tens digit of 79782430?
3
What is the millions digit of 3391716175?
1
What is the hundred millions digit of 346265168?
3
What is the ten millions digit of 122948442?
2
What is the billions digit of 1565303874?
1
What is the units digit of 2296160561?
1
What is the thousands digit of 78795679?
5
What is the hundred thousands digit of 1370928605?
9
What is the hundred thousands digit of 611075540?
0
What is the hundred thousands digit of 7779375?
7
What is the tens digit of 3057327522?
2
What is the ten thousands digit of 41104957?
0
What is the ten thousands digit of 1952804100?
0
What is the thousands digit of 307767480?
7
What is the millions digit of 24928612?
4
What is the units digit of 638550601?
1
What is the hundred thousands digit of 117418507?
4
What is the millions digit of 73509320?
3
What is the hundreds digit of 72255809?
8
What is the ten thousands digit of 3400417?
0
What is the tens digit of 48585578?
7
What is the ten thousands digit of 13587469?
8
What is the millions digit of 1315915038?
5
What is the hundreds digit of 161000598?
5
What is the ten thousands digit of 604573984?
7
What is the ten thousands digit of 447304745?
0
What is the millions digit of 137107803?
7
What is the ten millions digit of 1283947106?
8
What is the hundreds digit of 123562132?
1
What is the units digit of 35711307?
7
What is the hundred millions digit of 142610956?
1
What is the hundred millions digit of 116312142?
1
What is the billions digit of 4097451231?
4
What is the hundred thousands digit of 121638758?
6
What is the ten millions digit of 337315907?
3
What is the hundred thousands digit of 136152589?
1
What is the ten millions digit of 297916406?
9
What is the millions digit of 148498765?
8
What is the thousands digit of 86982513?
2
What is the units digit of 27622788?
8
What is the hundred millions digit of 3342564726?
3
What is the units digit of 179587785?
5
What is the thousands digit of 1416478272?
8
What is the tens digit of 67957808?
0
What is the thousands digit of 467060823?
0
What is the hundred thousands digit of 2608110118?
1
What is the units digit of 125962621?
1
What is the tens digit of 724483758?
5
What is the ten thousands digit of 207362879?
6
What is the ten millions digit of 488478618?
8
What is the tens digit of 134832401?
0
What is the ten millions digit of 112561904?
1
What is the tens digit of 741168841?
4
What is the hundred thousands digit of 332764695?
7
What is the tens digit of 134180923?
2
What is the tens digit of 1408248065?
6
What is the hundreds digit of 4314637136?
1
What is the hundreds digit of 177726799?
7
What is the hundred thousands digit of 167649414?
6
What is the hundreds digit of 4154516?
5
What is the units digit of 168669249?
9
What is the ten millions digit of 5036454099?
3
What is the hundred millions digit of 583568298?
5
What is the tens digit of 34725137?
3
What is the units digit of 66026374?
4
What is the ten thousands digit of 56791388?
9
What is the ten millions digit of 2252581423?
5
What is the ten millions digit of 658288505?
5
What is the hundred thousands digit of 122244531?
2
What is the billions digit of 5638989540?
5
What is the ten thousands digit of 180212879?
1
What is the tens digit of 37718591?
9
What is the units digit of 53160340?
0
What is the millions digit of 74101583?
4
What is the hundred millions digit of 741203307?
7
What is the hundred millions digit of 183720579?
1
What is the tens digit of 835569298?
9
What is the hundred millions digit of 229483312?
2
What is the millions digit of 1358825213?
8
What is the tens digit of 1349354876?
7
What is the units digit of 2562348047?
7
What is the hundred millions digit of 216786126?
2
What is the ten millions digit of 21363120?
2
What is the thousands digit of 45951569?
1
What is the hundreds digit of 234104722?
7
What is the units digit of 548578744?
4
What is the thousands digit of 58332749?
2
What is the millions digit of 9775744?
9
What is the thousands digit of 1787733290?
3
What is the hundred thousands digit of 1982141?
9
What is the ten thousands digit of 18893478?
9
What is the ten thousands digit of 478694269?
9
What is the thousands digit of 108775095?
5
What is the tens digit of 817507386?
8
What is the tens digit of 791569818?
1
What is the tens digit of 7346635196?
9
What is the units digit of 613013117?
7
What is the hundred millions digit of 630092647?
6
What is the millions digit of 3274458033?
4
What is the units digit of 239509203?
3
What is the ten millions digit of 77022555?
7
What is the units digit of 7968124?
4
What is the hundred millions digit of 172870292?
1
What is the hundred millions digit of 575641851?
5
What is the tens digit of 397220504?
0
What is the ten thousands digit of 12186941?
8
What is the ten millions digit of 1950400918?
5
What is the ten millions digit of 444036841?
4
What is the ten millions digit of 927827491?
2
What is the hundred millions digit of 437308911?
4
What is the hundred thousands digit of 315683620?
6
What is the thousands digit of 119399499?
9
What is the ten thousands digit of 54197684?
9
What is the hundreds digit of 38894263?
2
What is the hundred thousands digit of 789391416?
3
What is the ten thousands digit of 97499794?
9
What is the millions digit of 749449318?
9
What is the ten millions digit of 24303971?
2
What is the units digit of 285943885?
5
What is the ten millions digit of 50665576?
5
What is the ten millions digit of 6313733221?
1
What is the units digit of 29414729?
9
What is the hundreds digit of 843516453?
4
What is the millions digit of 3030696953?
0
What is the tens digit of 1264242031?
3
What is the hundred thousands digit of 238750394?
7
What is the ten thousands digit of 69986953?
8
What is the millions digit of 313807804?
3
What is the units digit of 75916409?
9
What is the ten thousands digit of 348571128?
7
What is the ten millions digit of 29583636?
2
What is the ten thousands digit of 1730442684?
4
What is the millions digit of 220115812?
0
What is the ten millions digit of 211540991?
1
What is the ten thousands digit of 34456192?
5
What is the ten millions digit of 67337163?
6
What is the ten millions digit of 2486515346?
8
What is the hundred millions digit of 184514639?
1
What is the hundreds digit of 